?
True
Is 14 a factor of 616?
True
Is 11 a factor of 7972?
False
Does 15 divide 20475?
True
Is 155 a multiple of 4?
False
Does 2 divide 4246?
True
Is 1851 a multiple of 15?
False
Does 3 divide 543?
True
Is 159 a multiple of 8?
False
Is 2420 a multiple of 22?
True
Is 3332 a multiple of 98?
True
Is 64 a factor of 30438?
False
Is 3352 a multiple of 51?
False
Does 56 divide 784?
True
Is 61 a factor of 43615?
True
Is 1448 a multiple of 55?
False
Is 14665 a multiple of 25?
False
Does 64 divide 512?
True
Does 57 divide 6270?
True
Does 12 divide 176?
False
Is 1058 a multiple of 8?
False
Is 9 a factor of 3126?
False
Is 1408 a multiple of 5?
False
Is 558 a multiple of 18?
True
Is 4 a factor of 260?
True
Is 126 a multiple of 19?
False
Does 26 divide 1568?
False
Is 18 a factor of 5760?
True
Is 205 a factor of 10250?
True
Does 16 divide 51432?
False
Does 5 divide 19489?
False
Does 31 divide 248?
True
Does 9 divide 400?
False
Is 25 a factor of 5650?
True
Is 16 a factor of 8511?
False
Is 2106 a multiple of 78?
True
Is 22960 a multiple of 112?
True
Is 283 a multiple of 11?
False
Is 9 a factor of 288?
True
Is 343 a multiple of 14?
False
Does 38 divide 2871?
False
Does 69 divide 20493?
True
Does 16 divide 416?
True
Does 13 divide 131148?
False
Does 213 divide 23217?
True
Is 3002 a multiple of 38?
True
Is 286 a multiple of 19?
False
Does 28 divide 700?
True
Does 32 divide 2208?
True
Is 6302 a multiple of 30?
False
Is 232 a multiple of 6?
False
Does 3 divide 145?
False
Is 8904 a multiple of 84?
True
Does 23 divide 368?
True
Is 110402 a multiple of 200?
False
Is 4 a factor of 33?
False
Is 1245 a multiple of 9?
False
Is 9 a factor of 3751?
False
Is 25 a factor of 1389?
False
Is 723 a multiple of 3?
True
Does 34 divide 6086?
True
Is 17813 a multiple of 66?
False
Is 47 a factor of 29093?
True
Is 5 a factor of 11963?
False
Is 497 a multiple of 28?
False
Is 27370 a multiple of 38?
False
Is 8658 a multiple of 18?
True
Does 16 divide 784?
True
Does 41 divide 34394?
False
Is 129 a factor of 3870?
True
Is 16 a factor of 448?
True
Is 6 a factor of 1922?
False
Does 105 divide 2625?
True
Does 7 divide 97784?
False
Is 21887 a multiple of 12?
False
Is 2093 a multiple of 57?
False
Is 450 a multiple of 90?
True
Is 6 a factor of 1269?
False
Is 120 a multiple of 6?
True
Is 1512 a multiple of 72?
True
Does 86 divide 4879?
False
Is 8 a factor of 1999?
False
Is 18 a factor of 1188?
True
Does 26 divide 468?
True
Is 101 a multiple of 5?
False
Is 7 a factor of 101?
False
Is 1331 a multiple of 13?
False
Is 93280 a multiple of 220?
True
Is 11 a factor of 12242?
False
Does 50 divide 2450?
True
Does 19 divide 29918?
False
Does 47 divide 1964?
False
Does 6 divide 344?
False
Does 15 divide 5074?
False
Does 17 divide 442?
True
Is 6935 a multiple of 73?
True
Is 8 a factor of 8876?
False
Is 103810 a multiple of 10?
True
Is 198 a factor of 94028?
False
Does 18 divide 900?
True
Is 23 a factor of 1357?
True
Is 95 a factor of 8075?
True
Does 20 divide 1139?
False
Is 4807 a multiple of 16?
False
Does 14 divide 2702?
True
Is 75 a factor of 2250?
True
Does 12 divide 2868?
True
Is 24219 a multiple of 23?
True
Is 30 a factor of 52200?
True
Is 1380 a multiple of 15?
True
Is 2 a factor of 207?
False
Is 68 a factor of 9119?
False
Does 299 divide 32292?
True
Is 3057 a multiple of 10?
False
Is 1777 a multiple of 142?
False
Is 51 a factor of 457?
False
Is 6 a factor of 192?
True
Is 36 a factor of 144?
True
Is 12 a factor of 220?
False
Does 11 divide 176?
True
Does 85 divide 2719?
False
Is 52360 a multiple of 35?
True
Is 74 a factor of 7388?
False
Does 11 divide 1009?
False
Does 33 divide 627?
True
Is 8 a factor of 10808?
True
Is 130 a factor of 520?
True
Is 20 a factor of 94?
False
Is 11361 a multiple of 20?
False
Does 95 divide 92097?
False
Does 2 divide 569?
False
Is 3 a factor of 17?
False
Is 196 a factor of 44068?
False
Does 17 divide 882?
False
Does 11 divide 1100?
True
Does 22 divide 2970?
True
Is 7968 a multiple of 16?
True
Does 4 divide 2608?
True
Does 29 divide 23694?
False
Is 14 a factor of 692?
False
Is 245 a factor of 121387?
False
Does 40 divide 437?
False
Does 7 divide 14315?
True
Does 16 divide 1264?
True
Is 22262 a multiple of 3?
False
Is 5 a factor of 130?
True
Does 376 divide 70688?
True
Is 42 a factor of 12348?
True
Is 4488 a multiple of 6?
True
Is 8415 a multiple of 15?
True
Does 14 divide 4116?
True
Does 10 divide 1510?
True
Is 8 a factor of 736?
True
Is 116 a factor of 1508?
True
Is 25 a factor of 1125?
True
Is 6604 a multiple of 98?
False
Is 21 a factor of 11690?
False
Does 167 divide 6629?
False
Is 22 a factor of 56894?
False
Is 191 a multiple of 4?
False
Does 18 divide 782?
False
Does 80 divide 2714?
False
Does 3 divide 24?
True
Is 10943 a multiple of 31?
True
Does 14 divide 1577?
False
Is 50 a factor of 550?
True
Does 200 divide 61333?
False
Is 60 a factor of 7447?
False
Is 881 a multiple of 6?
False
Is 838 a multiple of 9?
False
Does 13 divide 32859?
False
Is 8 a factor of 1406?
False
Does 5 divide 226?
False
Does 16 divide 3649?
False
Does 12 divide 17?
False
Is 359 a factor of 53132?
True
Is 28 a factor of 28?
True
Is 2625 a multiple of 21?
True
Is 4 a factor of 57?
False
Is 9831 a multiple of 29?
True
Is 19300 a multiple of 4?
True
Does 43 divide 5218?
False
Does 109 divide 5232?
True
Is 621 a multiple of 150?
False
Is 21 a factor of 10704?
False
Is 77 a factor of 5126?
False
Is 2 a factor of 204?
True
Is 217 a multiple of 6?
False
Is 88 a factor of 2288?
True
Is 260 a multiple of 25?
False
Does 73 divide 6789?
True
Does 7 divide 217?
True
Is 14 a factor of 69132?
True
Does 119 divide 46545?
False
Is 1616 a multiple of 30?
False
Is 5709 a multiple of 11?
True
Does 47 divide 13442?
True
Does 19 divide 95?
True
Is 142 a multiple of 2?
True
Is 21 a factor of 2242?
False
Does 12 divide 30239?
False
Is 29 a factor of 2408?
False
Does 44 divide 14872?
True
Is 480 a multiple of 24?
True
Is 10 a factor of 63190?
True
Is 11960 a multiple of 50?
False
Is 29195 a multiple of 184?
False
Is 30 a multiple of 10?
True
Is 3 a factor of 132?
True
Does 6 divide 1081?
False
Is 16 a factor of 5795?
False
Is 19 a factor of 18122?
False
Does 60 divide 600?
True
Is 120 a factor of 9025?
False
Is 66 a factor of 726?
True
Is 342 even?
True
Is 40 a factor of 4400?
True
Does 21 divide 45591?
True
Is 13 a factor of 12963?
False
Is 17 a factor of 357?
True
Is 75 a factor of 8775?
True
Is 29 a factor of 680?
False
Does 50 divide 588?
False
Is 6888 a multiple of 84?
True
Is 73986 a multiple of 209?
True
Is 9648 a multiple of 9?
True
Is 16591 a multiple of 13?
False
Does 22 divide 382?
False
Does 17 divide 194?
False
Is 50 a factor of 1384?
False
Is 30 a factor of 1189?
False
Is 514 a multiple of 27?
False
Is 227 a factor of 68446?
False
Does 143 divide 29268?
False
Does 9 divide 171?
True
Does 21 divide 2709?
True
Is 927 a multiple of 2?
False
Does 20 divide 231?
False
Is 6328 a multiple of 4?
True
Is 69 a multiple of 69?
True
Does 7 divide 6785?
False
Does 44 divide 577?
False
Is 21 a factor of 13810?
False
Is 480 a multiple of 10?
True
Is 11 a factor of 13398?
True
Is 9 a factor of 1899?
True
Is 4641 a multiple of 21?
True
Is 3 a factor of 10376?
False
Is 11 a factor of 2112?
True
Is 60 a factor of 21022?
False
Does 33 divide 34860?
False
Is 61 a factor of 8141?
False
Is 10047 a multiple of 7?
False
Is 1800 a multiple of 150?
True
Is 14 a factor of 56210?
True
Does 49 divide 343?
True
Is 6 a factor of 7538?
False
Is 34 a factor of 1060?
False
Does 6 divide 402?
True
Does 2 divide 2018?
True
Does 73 divide 5906?
False
Is 8507 a multiple of 47?
True
Does 28 divide 195426?
False
Is 218 a multiple of 33?
False
Is 261 a multiple of 29?
True
Is 22 a factor of 2173?
False
Does 32 divide 1512?
False
Is 42495 a multiple of 24?
False
Is 27 a multiple of 3?
True
Is 1172 a multiple of 35?
False
Is 30 a factor of 1187?
False
Is 10355 a multiple of 44?
False
Is 67 a factor of 54672?
True
Does 30 divide 3555?
False
Is 47580 a multiple of 61?
True
Is 52 a multiple of 13?
True
Is 315 a multiple of 17?
False
Does 4 divide 1282?
False
Is 58396 a multiple of 13?
True
Does 33 divide 40623?
True
Is 33318 a multiple of 27?
True
Is 14 a factor of 1779?
False
Is 13 a factor of 1251?
False
Is 12888 a multiple of 12?
True
Is 7 a fa